ainder when 37017 is divided by 83?
82
Calculate the remainder when 85 is divided by 37.
11
Calculate the remainder when 16 is divided by 10.
6
What is the remainder when 188 is divided by 183?
5
What is the remainder when 29209 is divided by 10?
9
What is the remainder when 551 is divided by 159?
74
Calculate the remainder when 53 is divided by 22.
9
What is the remainder when 9179 is divided by 90?
89
Calculate the remainder when 5650 is divided by 3.
1
Calculate the remainder when 882 is divided by 124.
14
Calculate the remainder when 4264 is divided by 44.
40
Calculate the remainder when 106 is divided by 90.
16
What is the remainder when 1586 is divided by 334?
250
Calculate the remainder when 374 is divided by 117.
23
Calculate the remainder when 1858 is divided by 60.
58
What is the remainder when 137 is divided by 9?
2
What is the remainder when 923 is divided by 42?
41
What is the remainder when 2130 is divided by 52?
50
Calculate the remainder when 2239 is divided by 35.
34
What is the remainder when 29 is divided by 4?
1
Calculate the remainder when 726 is divided by 121.
0
Calculate the remainder when 156 is divided by 40.
36
Calculate the remainder when 2950 is divided by 50.
0
What is the remainder when 2336 is divided by 78?
74
Calculate the remainder when 362 is divided by 28.
26
What is the remainder when 316 is divided by 55?
41
What is the remainder when 516 is divided by 121?
32
Calculate the remainder when 146 is divided by 36.
2
Calculate the remainder when 27 is divided by 5.
2
Calculate the remainder when 193 is divided by 101.
92
What is the remainder when 780 is divided by 265?
250
What is the remainder when 5043 is divided by 58?
55
Calculate the remainder when 406 is divided by 61.
40
What is the remainder when 548 is divided by 19?
16
Calculate the remainder when 400 is divided by 222.
178
Calculate the remainder when 110 is divided by 24.
14
Calculate the remainder when 118 is divided by 20.
18
Calculate the remainder when 86 is divided by 8.
6
What is the remainder when 1099 is divided by 38?
35
Calculate the remainder when 343 is divided by 61.
38
Calculate the remainder when 73 is divided by 5.
3
What is the remainder when 174 is divided by 109?
65
Calculate the remainder when 1187 is divided by 166.
25
What is the remainder when 82 is divided by 21?
19
What is the remainder when 2105 is divided by 177?
158
Calculate the remainder when 125 is divided by 9.
8
What is the remainder when 704 is divided by 99?
11
What is the remainder when 23 is divided by 14?
9
Calculate the remainder when 2499 is divided by 313.
308
Calculate the remainder when 171 is divided by 59.
53
What is the remainder when 340 is divided by 69?
64
What is the remainder when 205 is divided by 70?
65
Calculate the remainder when 131 is divided by 43.
2
Calculate the remainder when 123 is divided by 9.
6
What is the remainder when 563 is divided by 23?
11
What is the remainder when 353 is divided by 59?
58
What is the remainder when 67 is divided by 24?
19
What is the remainder when 2607 is divided by 18?
15
Calculate the remainder when 1584 is divided by 132.
0
Calculate the remainder when 3095 is divided by 64.
23
What is the remainder when 11 is divided by 1?
0
Calculate the remainder when 2044 is divided by 62.
60
What is the remainder when 373 is divided by 17?
16
What is the remainder when 226 is divided by 58?
52
Calculate the remainder when 174 is divided by 25.
24
Calculate the remainder when 884 is divided by 33.
26
Calculate the remainder when 154 is divided by 7.
0
Calculate the remainder when 85 is divided by 15.
10
Calculate the remainder when 1009 is divided by 249.
13
Calculate the remainder when 79 is divided by 72.
7
What is the remainder when 70 is divided by 53?
17
Calculate the remainder when 16 is divided by 15.
1
Calculate the remainder when 147 is divided by 76.
71
Calculate the remainder when 104 is divided by 75.
29
Calculate the remainder when 812 is divided by 74.
72
What is the remainder when 112 is divided by 50?
12
What is the remainder when 18 is divided by 8?
2
What is the remainder when 142 is divided by 80?
62
Calculate the remainder when 95 is divided by 49.
46
Calculate the remainder when 4634 is divided by 36.
26
Calculate the remainder when 29 is divided by 3.
2
What is the remainder when 109 is divided by 5?
4
What is the remainder when 3372 is divided by 7?
5
What is the remainder when 193 is divided by 18?
13
What is the remainder when 107 is divided by 8?
3
What is the remainder when 503 is divided by 46?
43
Calculate the remainder when 125 is divided by 7.
6
What is the remainder when 653 is divided by 55?
48
Calculate the remainder when 1105 is divided by 76.
41
What is the remainder when 1965 is divided by 7?
5
Calculate the remainder when 164 is divided by 47.
23
Calculate the remainder when 28834 is divided by 79.
78
What is the remainder when 9 is divided by 2?
1
What is the remainder when 872 is divided by 12?
8
Calculate the remainder when 226 is divided by 33.
28
What is the remainder when 335 is divided by 111?
2
What is the remainder when 12374 is divided by 99?
98
What is the remainder when 116 is divided by 13?
12
Calculate the remainder when 1393 is divided by 52.
41
What is the remainder when 118 is divided by 31?
25
What is the remainder when 742 is divided by 148?
2
What is the remainder when 263 is divided by 54?
47
What is the remainder when 67 is divided by 53?
14
What is the remainder when 3329 is divided by 17?
14
What is the remainder when 149 is divided by 46?
11
Calculate the remainder when 425 is divided by 86.
81
What is the remainder when 1071 is divided by 177?
9
What is the remainder when 787 is divided by 51?
22
Calculate the remainder when 420 is divided by 30.
0
What is the remainder when 23603 is divided by 74?
71
Calculate the remainder when 771 is divided by 616.
155
What is the remainder when 1735 is divided by 183?
88
What is the remainder when 49113 is divided by 235?
233
Calculate the remainder when 19977 is divided by 54.
51
Calculate the remainder when 212 is divided by 211.
1
Calculate the remainder when 603 is divided by 101.
98
Calculate the remainder when 784 is divided by 137.
99
Calculate the remainder when 10751 is divided by 39.
26
Calculate the remainder when 75 is divided by 8.
3
Calculate the remainder when 597 is divided by 105.
72
Calculate the remainder when 45 is divided by 12.
9
Calculate the remainder when 19 is divided by 10.
9
What is the remainder when 632 is divided by 331?
301
Calculate the remainder when 24 is divided by 2.
0
What is the remainder when 2225 is divided by 53?
52
What is the remainder when 1440 is divided by 39?
36
Calculate the remainder when 108 is divided by 10.
8
Calculate the remainder when 9156 is divided by 49.
42
What is the remainder when 657 is divided by 197?
66
What is the remainder when 1036 is divided by 20?
16
Calculate the remainder when 379 is divided by 12.
7
What is the remainder when 284 is divided by 29?
23
What is the remainder when 124 is divided by 63?
61
What is the remainder when 1847 is divided by 44?
43
What is the remainder when 330 is divided by 67?
62
What is the remainder when 1705 is divided by 240?
25
Calculate the remainder when 2564 is divided by 56.
44
Calculate the remainder when 1186 is divided by 54.
52
What is the remainder when 614 is divided by 302?
10
Calculate the remainder when 45 is divided by 42.
3
What is the remainder when 141 is divided by 101?
40
Calculate the remainder when 57 is divided by 43.
14
What is the remainder when 163 is divided by 42?
37
Calculate the remainder when 41 is divided by 22.
19
What is the remainder when 590 is divided by 33?
29
What is the remainder when 1729 is divided by 433?
430
Calculate the remainder when 683 is divided by 57.
56
What is the remainder when 58 is divided by 8?
2
Calculate the remainder when 191 is divided by 12.
11
Calculate the remainder when 1147 is divided by 164.
163
What is the remainder when 1398 is divided by 280?
278
Calculate the remainder when 75 is divided by 27.
21
Calculate the remainder when 173 is divided by 99.
74
Calculate the remainder when 4057 is divided by 14.
11
Calculate the remainder when 152 is di